{"id":49,"date":"2025-11-18T17:36:43","date_gmt":"2025-11-18T17:36:43","guid":{"rendered":"https:\/\/pesuautolle.fi\/index.php\/home\/"},"modified":"2026-01-28T17:19:34","modified_gmt":"2026-01-28T17:19:34","slug":"www-pesuautolle-fi","status":"publish","type":"page","link":"https:\/\/pesuautolle.fi\/","title":{"rendered":"Etusivu"},"content":{"rendered":"\t\t<div data-elementor-type=\"wp-page\" data-elementor-id=\"49\" class=\"elementor elementor-49\">\n\t\t\t\t<div class=\"elementor-element elementor-element-d5cfde3 e-con-full e-flex e-con e-parent\" data-id=\"d5cfde3\" data-element_type=\"container\" data-settings=\"{&quot;background_background&quot;:&quot;classic&quot;}\">\n\t\t\t\t<div class=\"elementor-element elementor-element-3ecd55be elementor-invisible elementor-widget elementor-widget-heading\" data-id=\"3ecd55be\" data-element_type=\"widget\" data-settings=\"{&quot;_animation&quot;:&quot;fadeIn&quot;}\" data-widget_type=\"heading.default\">\n\t\t\t\t\t<h1 class=\"elementor-heading-title elementor-size-default\">Likainen auto?<\/h1>\t\t\t\t<\/div>\n\t\t\t\t<div class=\"elementor-element elementor-element-2a921c06 elementor-align-center elementor-invisible elementor-widget elementor-widget-button\" data-id=\"2a921c06\" data-element_type=\"widget\" data-settings=\"{&quot;_animation&quot;:&quot;fadeIn&quot;,&quot;_animation_delay&quot;:400}\" data-widget_type=\"button.default\">\n\t\t\t\t\t\t\t\t\t\t<a class=\"elementor-button elementor-button-link elementor-size-sm\" href=\"mailto:pesuautolle@pesuautolle.fi\">\n\t\t\t\t\t\t<span class=\"elementor-button-content-wrapper\">\n\t\t\t\t\t\t\t\t\t<span class=\"elementor-button-text\">VARAA AIKA PESULLE<\/span>\n\t\t\t\t\t<\/span>\n\t\t\t\t\t<\/a>\n\t\t\t\t\t\t\t\t<\/div>\n\t\t\t\t<div class=\"elementor-element elementor-element-32b3f1bc elementor-widget__width-inherit elementor-invisible elementor-widget elementor-widget-heading\" data-id=\"32b3f1bc\" data-element_type=\"widget\" data-settings=\"{&quot;_animation&quot;:&quot;fadeIn&quot;}\" data-widget_type=\"heading.default\">\n\t\t\t\t\t<h5 class=\"elementor-heading-title elementor-size-default\">Milloin, miten ja miss\u00e4?<br>Sin\u00e4 p\u00e4\u00e4t\u00e4t!<\/h5>\t\t\t\t<\/div>\n\t\t\t\t<\/div>\n\t\t<div class=\"elementor-element elementor-element-76b52626 e-flex e-con-boxed e-con e-parent\" data-id=\"76b52626\" data-element_type=\"container\">\n\t\t\t\t\t<div class=\"e-con-inner\">\n\t\t\t\t<div class=\"elementor-element elementor-element-30e5297 elementor-widget elementor-widget-heading\" data-id=\"30e5297\" data-element_type=\"widget\" data-widget_type=\"heading.default\">\n\t\t\t\t\t<h2 class=\"elementor-heading-title elementor-size-default\">Palvelut<\/h2>\t\t\t\t<\/div>\n\t\t<div class=\"elementor-element elementor-element-b2d7dbe e-con-full e-flex e-con e-child\" data-id=\"b2d7dbe\" data-element_type=\"container\">\n\t\t\t\t<div class=\"elementor-element elementor-element-3afe9b04 elementor-widget-tablet__width-initial elementor-widget-mobile__width-inherit elementor-widget__width-initial elementor-position-top elementor-position-top elementor-widget elementor-widget-image-box\" data-id=\"3afe9b04\" data-element_type=\"widget\" data-widget_type=\"image-box.default\">\n\t\t\t\t\t<div class=\"elementor-image-box-wrapper\"><figure class=\"elementor-image-box-img\"><img fetchpriority=\"high\" decoding=\"async\" width=\"1536\" height=\"1024\" src=\"https:\/\/pesuautolle.fi\/wp-content\/uploads\/2025\/12\/ed1a32af-ddd8-4e51-ae7c-63d6675499fa.png\" class=\"elementor-animation-grow attachment-full size-full wp-image-75\" alt=\"\" srcset=\"https:\/\/pesuautolle.fi\/wp-content\/uploads\/2025\/12\/ed1a32af-ddd8-4e51-ae7c-63d6675499fa.png 1536w, https:\/\/pesuautolle.fi\/wp-content\/uploads\/2025\/12\/ed1a32af-ddd8-4e51-ae7c-63d6675499fa-300x200.png 300w, https:\/\/pesuautolle.fi\/wp-content\/uploads\/2025\/12\/ed1a32af-ddd8-4e51-ae7c-63d6675499fa-1024x683.png 1024w, https:\/\/pesuautolle.fi\/wp-content\/uploads\/2025\/12\/ed1a32af-ddd8-4e51-ae7c-63d6675499fa-768x512.png 768w\" sizes=\"(max-width: 1536px) 100vw, 1536px\" \/><\/figure><div class=\"elementor-image-box-content\"><h4 class=\"elementor-image-box-title\">Ulkopesut<\/h4><\/div><\/div>\t\t\t\t<\/div>\n\t\t\t\t<div class=\"elementor-element elementor-element-5f9e7dc elementor-widget-tablet__width-initial elementor-widget-mobile__width-inherit elementor-widget__width-initial elementor-position-top elementor-widget elementor-widget-image-box\" data-id=\"5f9e7dc\" data-element_type=\"widget\" data-widget_type=\"image-box.default\">\n\t\t\t\t\t<div class=\"elementor-image-box-wrapper\"><figure class=\"elementor-image-box-img\"><img decoding=\"async\" width=\"2560\" height=\"1706\" src=\"https:\/\/pesuautolle.fi\/wp-content\/uploads\/2026\/01\/beautiful-car-interior-clean-up-service-scaled.jpg\" class=\"elementor-animation-grow attachment-full size-full wp-image-117\" alt=\"\" srcset=\"https:\/\/pesuautolle.fi\/wp-content\/uploads\/2026\/01\/beautiful-car-interior-clean-up-service-scaled.jpg 2560w, https:\/\/pesuautolle.fi\/wp-content\/uploads\/2026\/01\/beautiful-car-interior-clean-up-service-300x200.jpg 300w, https:\/\/pesuautolle.fi\/wp-content\/uploads\/2026\/01\/beautiful-car-interior-clean-up-service-1024x683.jpg 1024w, https:\/\/pesuautolle.fi\/wp-content\/uploads\/2026\/01\/beautiful-car-interior-clean-up-service-768x512.jpg 768w, https:\/\/pesuautolle.fi\/wp-content\/uploads\/2026\/01\/beautiful-car-interior-clean-up-service-1536x1024.jpg 1536w, https:\/\/pesuautolle.fi\/wp-content\/uploads\/2026\/01\/beautiful-car-interior-clean-up-service-2048x1365.jpg 2048w\" sizes=\"(max-width: 2560px) 100vw, 2560px\" \/><\/figure><div class=\"elementor-image-box-content\"><h4 class=\"elementor-image-box-title\">Sis\u00e4pesut<\/h4><\/div><\/div>\t\t\t\t<\/div>\n\t\t\t\t<div class=\"elementor-element elementor-element-580d492f elementor-widget-tablet__width-initial elementor-widget-mobile__width-inherit elementor-widget__width-initial elementor-position-top elementor-widget elementor-widget-image-box\" data-id=\"580d492f\" data-element_type=\"widget\" data-widget_type=\"image-box.default\">\n\t\t\t\t\t<div class=\"elementor-image-box-wrapper\"><figure class=\"elementor-image-box-img\"><img decoding=\"async\" width=\"2560\" height=\"1706\" src=\"https:\/\/pesuautolle.fi\/wp-content\/uploads\/2026\/01\/car-wash-detailing-station-scaled.jpg\" class=\"elementor-animation-grow attachment-full size-full wp-image-118\" alt=\"\" srcset=\"https:\/\/pesuautolle.fi\/wp-content\/uploads\/2026\/01\/car-wash-detailing-station-scaled.jpg 2560w, https:\/\/pesuautolle.fi\/wp-content\/uploads\/2026\/01\/car-wash-detailing-station-300x200.jpg 300w, https:\/\/pesuautolle.fi\/wp-content\/uploads\/2026\/01\/car-wash-detailing-station-1024x683.jpg 1024w, https:\/\/pesuautolle.fi\/wp-content\/uploads\/2026\/01\/car-wash-detailing-station-768x512.jpg 768w, https:\/\/pesuautolle.fi\/wp-content\/uploads\/2026\/01\/car-wash-detailing-station-1536x1024.jpg 1536w, https:\/\/pesuautolle.fi\/wp-content\/uploads\/2026\/01\/car-wash-detailing-station-2048x1365.jpg 2048w\" sizes=\"(max-width: 2560px) 100vw, 2560px\" \/><\/figure><div class=\"elementor-image-box-content\"><h4 class=\"elementor-image-box-title\">Kiillotukset<\/h4><\/div><\/div>\t\t\t\t<\/div>\n\t\t\t\t<div class=\"elementor-element elementor-element-4013ea92 elementor-widget-tablet__width-initial elementor-widget-mobile__width-inherit elementor-widget__width-initial elementor-position-top elementor-widget elementor-widget-image-box\" data-id=\"4013ea92\" data-element_type=\"widget\" data-widget_type=\"image-box.default\">\n\t\t\t\t\t<div class=\"elementor-image-box-wrapper\"><figure class=\"elementor-image-box-img\"><img loading=\"lazy\" decoding=\"async\" width=\"1536\" height=\"1024\" src=\"https:\/\/pesuautolle.fi\/wp-content\/uploads\/2025\/12\/Pinnoitus.png\" class=\"elementor-animation-grow attachment-full size-full wp-image-77\" alt=\"\" srcset=\"https:\/\/pesuautolle.fi\/wp-content\/uploads\/2025\/12\/Pinnoitus.png 1536w, https:\/\/pesuautolle.fi\/wp-content\/uploads\/2025\/12\/Pinnoitus-300x200.png 300w, https:\/\/pesuautolle.fi\/wp-content\/uploads\/2025\/12\/Pinnoitus-1024x683.png 1024w, https:\/\/pesuautolle.fi\/wp-content\/uploads\/2025\/12\/Pinnoitus-768x512.png 768w\" sizes=\"(max-width: 1536px) 100vw, 1536px\" \/><\/figure><div class=\"elementor-image-box-content\"><h4 class=\"elementor-image-box-title\">Pinnoitukset<\/h4><\/div><\/div>\t\t\t\t<\/div>\n\t\t\t\t<\/div>\n\t\t\t\t<div class=\"elementor-element elementor-element-33e86e03 elementor-align-center elementor-widget__width-inherit elementor-invisible elementor-widget elementor-widget-button\" data-id=\"33e86e03\" data-element_type=\"widget\" data-settings=\"{&quot;_animation&quot;:&quot;fadeInDown&quot;}\" data-widget_type=\"button.default\">\n\t\t\t\t\t\t\t\t\t\t<a class=\"elementor-button elementor-size-sm elementor-animation-hang\" role=\"button\">\n\t\t\t\t\t\t<span class=\"elementor-button-content-wrapper\">\n\t\t\t\t\t\t\t\t\t<span class=\"elementor-button-text\">pesuautolle@pesuautolle.fi<\/span>\n\t\t\t\t\t<\/span>\n\t\t\t\t\t<\/a>\n\t\t\t\t\t\t\t\t<\/div>\n\t\t\t\t<div class=\"elementor-element elementor-element-cafbfee elementor-widget elementor-widget-text-editor\" data-id=\"cafbfee\" data-element_type=\"widget\" data-widget_type=\"text-editor.default\">\n\t\t\t\t\t\t\t\t\t<p>Emme ole viel\u00e4 ottaneet varauskalenteria k\u00e4ytt\u00f6\u00f6n, joten toistaiseksi palveluiden varaukset hoidetaan s\u00e4hk\u00f6postitse. L\u00e4het\u00e4 viestill\u00e4 haluamasi palvelu ja ajankohta, ja vahvistamme tilauksen sinulle.<\/p>\t\t\t\t\t\t\t\t<\/div>\n\t\t\t\t\t<\/div>\n\t\t\t\t<\/div>\n\t\t<div class=\"elementor-element elementor-element-2b03c396 e-flex e-con-boxed e-con e-parent\" data-id=\"2b03c396\" data-element_type=\"container\" id=\"next\">\n\t\t\t\t\t<div class=\"e-con-inner\">\n\t\t\t\t<div class=\"elementor-element elementor-element-32bd412c elementor-widget elementor-widget-heading\" data-id=\"32bd412c\" data-element_type=\"widget\" data-widget_type=\"heading.default\">\n\t\t\t\t\t<h2 class=\"elementor-heading-title elementor-size-default\">Miksi pesuautolle.fi ?<\/h2>\t\t\t\t<\/div>\n\t\t<div class=\"elementor-element elementor-element-2230900 e-con-full e-flex e-con e-child\" data-id=\"2230900\" data-element_type=\"container\">\n\t\t<div class=\"elementor-element elementor-element-3422c57e e-con-full e-flex e-con e-child\" data-id=\"3422c57e\" data-element_type=\"container\" data-settings=\"{&quot;background_background&quot;:&quot;classic&quot;}\">\n\t\t\t\t<div class=\"elementor-element elementor-element-161e2824 elementor-widget elementor-widget-heading\" data-id=\"161e2824\" data-element_type=\"widget\" data-widget_type=\"heading.default\">\n\t\t\t\t\t<h4 class=\"elementor-heading-title elementor-size-default\">Vaivattomuus<\/h4>\t\t\t\t<\/div>\n\t\t\t\t<div class=\"elementor-element elementor-element-470c3885 elementor-widget-divider--view-line elementor-widget elementor-widget-divider\" data-id=\"470c3885\" data-element_type=\"widget\" data-widget_type=\"divider.default\">\n\t\t\t\t\t\t\t<div class=\"elementor-divider\">\n\t\t\t<span class=\"elementor-divider-separator\">\n\t\t\t\t\t\t<\/span>\n\t\t<\/div>\n\t\t\t\t\t\t<\/div>\n\t\t\t\t<div class=\"elementor-element elementor-element-2412c2d4 elementor-widget elementor-widget-text-editor\" data-id=\"2412c2d4\" data-element_type=\"widget\" data-widget_type=\"text-editor.default\">\n\t\t\t\t\t\t\t\t\t<p>Ei en\u00e4\u00e4 tarvetta j\u00e4rjest\u00e4\u00e4 aikaa ja paikkaa autonpesua varten<\/p>\t\t\t\t\t\t\t\t<\/div>\n\t\t\t\t<\/div>\n\t\t<div class=\"elementor-element elementor-element-3c11ef1e e-con-full e-flex e-con e-child\" data-id=\"3c11ef1e\" data-element_type=\"container\" data-settings=\"{&quot;background_background&quot;:&quot;classic&quot;}\">\n\t\t\t\t<div class=\"elementor-element elementor-element-4b81fa04 elementor-widget elementor-widget-heading\" data-id=\"4b81fa04\" data-element_type=\"widget\" data-widget_type=\"heading.default\">\n\t\t\t\t\t<h4 class=\"elementor-heading-title elementor-size-default\">Ymp\u00e4rist\u00f6yst\u00e4v\u00e4llisyys<\/h4>\t\t\t\t<\/div>\n\t\t\t\t<div class=\"elementor-element elementor-element-78cbc431 elementor-widget-divider--view-line elementor-widget elementor-widget-divider\" data-id=\"78cbc431\" data-element_type=\"widget\" data-widget_type=\"divider.default\">\n\t\t\t\t\t\t\t<div class=\"elementor-divider\">\n\t\t\t<span class=\"elementor-divider-separator\">\n\t\t\t\t\t\t<\/span>\n\t\t<\/div>\n\t\t\t\t\t\t<\/div>\n\t\t\t\t<div class=\"elementor-element elementor-element-232fd491 elementor-widget elementor-widget-text-editor\" data-id=\"232fd491\" data-element_type=\"widget\" data-widget_type=\"text-editor.default\">\n\t\t\t\t\t\t\t\t\t<p>K\u00e4yt\u00e4mme ymp\u00e4rist\u00f6yst\u00e4v\u00e4llisi\u00e4, biohajoavia pesuaineita<\/p>\t\t\t\t\t\t\t\t<\/div>\n\t\t\t\t<\/div>\n\t\t<div class=\"elementor-element elementor-element-896f1cc e-con-full e-flex e-con e-child\" data-id=\"896f1cc\" data-element_type=\"container\" data-settings=\"{&quot;background_background&quot;:&quot;classic&quot;}\">\n\t\t\t\t<div class=\"elementor-element elementor-element-74b1013b elementor-widget elementor-widget-heading\" data-id=\"74b1013b\" data-element_type=\"widget\" data-widget_type=\"heading.default\">\n\t\t\t\t\t<h4 class=\"elementor-heading-title elementor-size-default\">Paikallinen toimija<\/h4>\t\t\t\t<\/div>\n\t\t\t\t<div class=\"elementor-element elementor-element-270665e5 elementor-widget-divider--view-line elementor-widget elementor-widget-divider\" data-id=\"270665e5\" data-element_type=\"widget\" data-widget_type=\"divider.default\">\n\t\t\t\t\t\t\t<div class=\"elementor-divider\">\n\t\t\t<span class=\"elementor-divider-separator\">\n\t\t\t\t\t\t<\/span>\n\t\t<\/div>\n\t\t\t\t\t\t<\/div>\n\t\t\t\t<div class=\"elementor-element elementor-element-75779c0f elementor-widget elementor-widget-text-editor\" data-id=\"75779c0f\" data-element_type=\"widget\" data-widget_type=\"text-editor.default\">\n\t\t\t\t\t\t\t\t\t<p>Olemme pieni ja paikallinen toimija, jonka kanssa toiminta on joustavaa<\/p>\t\t\t\t\t\t\t\t<\/div>\n\t\t\t\t<\/div>\n\t\t\t\t<\/div>\n\t\t\t\t\t<\/div>\n\t\t\t\t<\/div>\n\t\t<div class=\"elementor-element elementor-element-8347fc4 e-flex e-con-boxed e-con e-parent\" data-id=\"8347fc4\" data-element_type=\"container\">\n\t\t\t\t\t<div class=\"e-con-inner\">\n\t\t\t\t\t<\/div>\n\t\t\t\t<\/div>\n\t\t<div class=\"elementor-element elementor-element-3b67712 e-flex e-con-boxed e-con e-parent\" data-id=\"3b67712\" data-element_type=\"container\">\n\t\t\t\t\t<div class=\"e-con-inner\">\n\t\t\t\t<div class=\"elementor-element elementor-element-7cff0b0 elementor-widget elementor-widget-google_maps\" data-id=\"7cff0b0\" data-element_type=\"widget\" data-widget_type=\"google_maps.default\">\n\t\t\t\t\t\t\t<div class=\"elementor-custom-embed\">\n\t\t\t<iframe loading=\"lazy\"\n\t\t\t\t\tsrc=\"https:\/\/maps.google.com\/maps?q=Jyv%C3%A4skyl%C3%A4&#038;t=m&#038;z=11&#038;output=embed&#038;iwloc=near\"\n\t\t\t\t\ttitle=\"Jyv\u00e4skyl\u00e4\"\n\t\t\t\t\taria-label=\"Jyv\u00e4skyl\u00e4\"\n\t\t\t><\/iframe>\n\t\t<\/div>\n\t\t\t\t\t\t<\/div>\n\t\t\t\t\t<\/div>\n\t\t\t\t<\/div>\n\t\t<div class=\"elementor-element elementor-element-63842eb e-flex e-con-boxed e-con e-parent\" data-id=\"63842eb\" data-element_type=\"container\">\n\t\t\t\t\t<div class=\"e-con-inner\">\n\t\t\t\t<div class=\"elementor-element elementor-element-5d32ce7 elementor-widget elementor-widget-text-editor\" data-id=\"5d32ce7\" data-element_type=\"widget\" data-widget_type=\"text-editor.default\">\n\t\t\t\t\t\t\t\t\t<ul><li>Toimimme Keski-Suomen alueella.<\/li><\/ul>\t\t\t\t\t\t\t\t<\/div>\n\t\t\t\t\t<\/div>\n\t\t\t\t<\/div>\n\t\t\t\t<\/div>\n\t\t","protected":false},"excerpt":{"rendered":"<p>Likainen auto? VARAA AIKA PESULLE Milloin, miten ja miss\u00e4?Sin\u00e4 p\u00e4\u00e4t\u00e4t! Palvelut Ulkopesut Sis\u00e4pesut Kiillotukset Pinnoitukset pesuautolle@pesuautolle.fi Emme ole viel\u00e4 ottaneet [&hellip;]<\/p>\n","protected":false},"author":1,"featured_media":54,"parent":0,"menu_order":0,"comment_status":"closed","ping_status":"closed","template":"","meta":{"site-sidebar-layout":"default","site-content-layout":"","ast-site-content-layout":"default","site-content-style":"default","site-sidebar-style":"default","ast-global-header-display":"","ast-banner-title-visibility":"","ast-main-header-display":"","ast-hfb-above-header-display":"","ast-hfb-below-header-display":"","ast-hfb-mobile-header-display":"","site-post-title":"","ast-breadcrumbs-content":"","ast-featured-img":"","footer-sml-layout":"","ast-disable-related-posts":"","theme-transparent-header-meta":"","adv-header-id-meta":"","stick-header-meta":"","header-above-stick-meta":"","header-main-stick-meta":"","header-below-stick-meta":"","astra-migrate-meta-layouts":"default","ast-page-background-enabled":"default","ast-page-background-meta":{"desktop":{"background-color":"var(--ast-global-color-5)","background-image":"","background-repeat":"repeat","background-position":"center center","background-size":"auto","background-attachment":"scroll","background-type":"","background-media":"","overlay-type":"","overlay-color":"","overlay-opacity":"","overlay-gradient":""},"tablet":{"background-color":"","background-image":"","background-repeat":"repeat","background-position":"center center","background-size":"auto","background-attachment":"scroll","background-type":"","background-media":"","overlay-type":"","overlay-color":"","overlay-opacity":"","overlay-gradient":""},"mobile":{"background-color":"","background-image":"","background-repeat":"repeat","background-position":"center center","background-size":"auto","background-attachment":"scroll","background-type":"","background-media":"","overlay-type":"","overlay-color":"","overlay-opacity":"","overlay-gradient":""}},"ast-content-background-meta":{"desktop":{"background-color":"var(--ast-global-color-4)","background-image":"","background-repeat":"repeat","background-position":"center center","background-size":"auto","background-attachment":"scroll","background-type":"","background-media":"","overlay-type":"","overlay-color":"","overlay-opacity":"","overlay-gradient":""},"tablet":{"background-color":"var(--ast-global-color-4)","background-image":"","background-repeat":"repeat","background-position":"center center","background-size":"auto","background-attachment":"scroll","background-type":"","background-media":"","overlay-type":"","overlay-color":"","overlay-opacity":"","overlay-gradient":""},"mobile":{"background-color":"var(--ast-global-color-4)","background-image":"","background-repeat":"repeat","background-position":"center center","background-size":"auto","background-attachment":"scroll","background-type":"","background-media":"","overlay-type":"","overlay-color":"","overlay-opacity":"","overlay-gradient":""}},"footnotes":""},"class_list":["post-49","page","type-page","status-publish","has-post-thumbnail","hentry"],"yoast_head":"<!-- This site is optimized with the Yoast SEO plugin v26.7 - https:\/\/yoast.com\/wordpress\/plugins\/seo\/ -->\n<title>Liikkuva autopesu - Jyv\u00e4skyl\u00e4<\/title>\n<meta name=\"description\" content=\"Paikallinen liikkuva autonpesupalvelu Jyv\u00e4skyl\u00e4ss\u00e4. Nopeaa, vaivatonta ja luotettavaa autonpesua siell\u00e4 miss\u00e4 olet.\" \/>\n<meta name=\"robots\" content=\"index, follow, max-snippet:-1, max-image-preview:large, max-video-preview:-1\" \/>\n<link rel=\"canonical\" href=\"https:\/\/pesuautolle.fi\/\" \/>\n<meta property=\"og:locale\" content=\"fi_FI\" \/>\n<meta property=\"og:type\" content=\"article\" \/>\n<meta property=\"og:title\" content=\"Liikkuva autopesu - Jyv\u00e4skyl\u00e4\" \/>\n<meta property=\"og:description\" content=\"Paikallinen liikkuva autonpesupalvelu Jyv\u00e4skyl\u00e4ss\u00e4. Nopeaa, vaivatonta ja luotettavaa autonpesua siell\u00e4 miss\u00e4 olet.\" \/>\n<meta property=\"og:url\" content=\"https:\/\/pesuautolle.fi\/\" \/>\n<meta property=\"article:modified_time\" content=\"2026-01-28T17:19:34+00:00\" \/>\n<meta property=\"og:image\" content=\"https:\/\/pesuautolle.fi\/wp-content\/uploads\/2025\/11\/Homepage-400_380.jpg\" \/>\n\t<meta property=\"og:image:width\" content=\"400\" \/>\n\t<meta property=\"og:image:height\" content=\"380\" \/>\n\t<meta property=\"og:image:type\" content=\"image\/jpeg\" \/>\n<meta name=\"twitter:card\" content=\"summary_large_image\" \/>\n<meta name=\"twitter:label1\" content=\"Arvioitu lukuaika\" \/>\n\t<meta name=\"twitter:data1\" content=\"2 minuuttia\" \/>\n<script type=\"application\/ld+json\" class=\"yoast-schema-graph\">{\"@context\":\"https:\/\/schema.org\",\"@graph\":[{\"@type\":\"WebPage\",\"@id\":\"https:\/\/pesuautolle.fi\/\",\"url\":\"https:\/\/pesuautolle.fi\/\",\"name\":\"Liikkuva autopesu - Jyv\u00e4skyl\u00e4\",\"isPartOf\":{\"@id\":\"https:\/\/pesuautolle.fi\/#website\"},\"primaryImageOfPage\":{\"@id\":\"https:\/\/pesuautolle.fi\/#primaryimage\"},\"image\":{\"@id\":\"https:\/\/pesuautolle.fi\/#primaryimage\"},\"thumbnailUrl\":\"https:\/\/pesuautolle.fi\/wp-content\/uploads\/2025\/11\/Homepage-400_380.jpg\",\"datePublished\":\"2025-11-18T17:36:43+00:00\",\"dateModified\":\"2026-01-28T17:19:34+00:00\",\"description\":\"Paikallinen liikkuva autonpesupalvelu Jyv\u00e4skyl\u00e4ss\u00e4. Nopeaa, vaivatonta ja luotettavaa autonpesua siell\u00e4 miss\u00e4 olet.\",\"breadcrumb\":{\"@id\":\"https:\/\/pesuautolle.fi\/#breadcrumb\"},\"inLanguage\":\"fi\",\"potentialAction\":[{\"@type\":\"ReadAction\",\"target\":[\"https:\/\/pesuautolle.fi\/\"]}]},{\"@type\":\"ImageObject\",\"inLanguage\":\"fi\",\"@id\":\"https:\/\/pesuautolle.fi\/#primaryimage\",\"url\":\"https:\/\/pesuautolle.fi\/wp-content\/uploads\/2025\/11\/Homepage-400_380.jpg\",\"contentUrl\":\"https:\/\/pesuautolle.fi\/wp-content\/uploads\/2025\/11\/Homepage-400_380.jpg\",\"width\":400,\"height\":380},{\"@type\":\"BreadcrumbList\",\"@id\":\"https:\/\/pesuautolle.fi\/#breadcrumb\",\"itemListElement\":[{\"@type\":\"ListItem\",\"position\":1,\"name\":\"Etusivu\",\"item\":\"https:\/\/pesuautolle.fi\/\"},{\"@type\":\"ListItem\",\"position\":2,\"name\":\"Etusivu\"}]},{\"@type\":\"WebSite\",\"@id\":\"https:\/\/pesuautolle.fi\/#website\",\"url\":\"https:\/\/pesuautolle.fi\/\",\"name\":\"\",\"description\":\"\",\"potentialAction\":[{\"@type\":\"SearchAction\",\"target\":{\"@type\":\"EntryPoint\",\"urlTemplate\":\"https:\/\/pesuautolle.fi\/?s={search_term_string}\"},\"query-input\":{\"@type\":\"PropertyValueSpecification\",\"valueRequired\":true,\"valueName\":\"search_term_string\"}}],\"inLanguage\":\"fi\"}]}<\/script>\n<!-- \/ Yoast SEO plugin. -->","yoast_head_json":{"title":"Liikkuva autopesu - Jyv\u00e4skyl\u00e4","description":"Paikallinen liikkuva autonpesupalvelu Jyv\u00e4skyl\u00e4ss\u00e4. Nopeaa, vaivatonta ja luotettavaa autonpesua siell\u00e4 miss\u00e4 olet.","robots":{"index":"index","follow":"follow","max-snippet":"max-snippet:-1","max-image-preview":"max-image-preview:large","max-video-preview":"max-video-preview:-1"},"canonical":"https:\/\/pesuautolle.fi\/","og_locale":"fi_FI","og_type":"article","og_title":"Liikkuva autopesu - Jyv\u00e4skyl\u00e4","og_description":"Paikallinen liikkuva autonpesupalvelu Jyv\u00e4skyl\u00e4ss\u00e4. Nopeaa, vaivatonta ja luotettavaa autonpesua siell\u00e4 miss\u00e4 olet.","og_url":"https:\/\/pesuautolle.fi\/","article_modified_time":"2026-01-28T17:19:34+00:00","og_image":[{"width":400,"height":380,"url":"https:\/\/pesuautolle.fi\/wp-content\/uploads\/2025\/11\/Homepage-400_380.jpg","type":"image\/jpeg"}],"twitter_card":"summary_large_image","twitter_misc":{"Arvioitu lukuaika":"2 minuuttia"},"schema":{"@context":"https:\/\/schema.org","@graph":[{"@type":"WebPage","@id":"https:\/\/pesuautolle.fi\/","url":"https:\/\/pesuautolle.fi\/","name":"Liikkuva autopesu - Jyv\u00e4skyl\u00e4","isPartOf":{"@id":"https:\/\/pesuautolle.fi\/#website"},"primaryImageOfPage":{"@id":"https:\/\/pesuautolle.fi\/#primaryimage"},"image":{"@id":"https:\/\/pesuautolle.fi\/#primaryimage"},"thumbnailUrl":"https:\/\/pesuautolle.fi\/wp-content\/uploads\/2025\/11\/Homepage-400_380.jpg","datePublished":"2025-11-18T17:36:43+00:00","dateModified":"2026-01-28T17:19:34+00:00","description":"Paikallinen liikkuva autonpesupalvelu Jyv\u00e4skyl\u00e4ss\u00e4. Nopeaa, vaivatonta ja luotettavaa autonpesua siell\u00e4 miss\u00e4 olet.","breadcrumb":{"@id":"https:\/\/pesuautolle.fi\/#breadcrumb"},"inLanguage":"fi","potentialAction":[{"@type":"ReadAction","target":["https:\/\/pesuautolle.fi\/"]}]},{"@type":"ImageObject","inLanguage":"fi","@id":"https:\/\/pesuautolle.fi\/#primaryimage","url":"https:\/\/pesuautolle.fi\/wp-content\/uploads\/2025\/11\/Homepage-400_380.jpg","contentUrl":"https:\/\/pesuautolle.fi\/wp-content\/uploads\/2025\/11\/Homepage-400_380.jpg","width":400,"height":380},{"@type":"BreadcrumbList","@id":"https:\/\/pesuautolle.fi\/#breadcrumb","itemListElement":[{"@type":"ListItem","position":1,"name":"Etusivu","item":"https:\/\/pesuautolle.fi\/"},{"@type":"ListItem","position":2,"name":"Etusivu"}]},{"@type":"WebSite","@id":"https:\/\/pesuautolle.fi\/#website","url":"https:\/\/pesuautolle.fi\/","name":"","description":"","potentialAction":[{"@type":"SearchAction","target":{"@type":"EntryPoint","urlTemplate":"https:\/\/pesuautolle.fi\/?s={search_term_string}"},"query-input":{"@type":"PropertyValueSpecification","valueRequired":true,"valueName":"search_term_string"}}],"inLanguage":"fi"}]}},"_links":{"self":[{"href":"https:\/\/pesuautolle.fi\/index.php\/wp-json\/wp\/v2\/pages\/49","targetHints":{"allow":["GET"]}}],"collection":[{"href":"https:\/\/pesuautolle.fi\/index.php\/wp-json\/wp\/v2\/pages"}],"about":[{"href":"https:\/\/pesuautolle.fi\/index.php\/wp-json\/wp\/v2\/types\/page"}],"author":[{"embeddable":true,"href":"https:\/\/pesuautolle.fi\/index.php\/wp-json\/wp\/v2\/users\/1"}],"replies":[{"embeddable":true,"href":"https:\/\/pesuautolle.fi\/index.php\/wp-json\/wp\/v2\/comments?post=49"}],"version-history":[{"count":44,"href":"https:\/\/pesuautolle.fi\/index.php\/wp-json\/wp\/v2\/pages\/49\/revisions"}],"predecessor-version":[{"id":150,"href":"https:\/\/pesuautolle.fi\/index.php\/wp-json\/wp\/v2\/pages\/49\/revisions\/150"}],"wp:featuredmedia":[{"embeddable":true,"href":"https:\/\/pesuautolle.fi\/index.php\/wp-json\/wp\/v2\/media\/54"}],"wp:attachment":[{"href":"https:\/\/pesuautolle.fi\/index.php\/wp-json\/wp\/v2\/media?parent=49"}],"curies":[{"name":"wp","href":"https:\/\/api.w.org\/{rel}","templated":true}]}}